ivative of -2*l**3 + 0 + 5/12*l**4 + 4*l**2 + l. Is c(9) a composite number?
True
Suppose -4*k - 7*f + 108710 = -9*f, 4*k + 4*f - 108728 = 0. Is k composite?
False
Is (4090 + 1)*(-7 - (-1 - 7)) a prime number?
True
Let d(n) = 2*n + 13 + 10*n**2 - 16*n + 6*n. Is d(-7) prime?
False
Let w = -14 + 86. Is 16/w + (-23011)/(-9) a composite number?
False
Suppose 0 = 26*y - 4130 - 1356. Is y composite?
False
Let j(l) = 2*l**3 - 4*l**2 - 19*l - 29. Is j(8) prime?
True
Suppose 4*s - 8 + 0 = 0, 0 = -3*v - 5*s + 1. Is (-2)/v + (-11795)/(-15) composite?
False
Suppose -10*g = -37279 - 88731. Is g a composite number?
False
Let f be 30 - (1 - (-1 - -2)). Suppose -b - 29 = -q, 2*q + b + 4*b = f. Is q composite?
True
Let m(c) = c**3 + 7*c**2 + 7*c + 3. Let v be m(-4). Let u = 100 - v. Is u a prime number?
False
Suppose 11*m - 3152 - 55269 = 0. Is m composite?
True
Suppose -4*k + 51406 - 6182 = 0. Suppose 0 = -8*z + k + 3206. Is z prime?
False
Suppose -5*g = 5*g - 40. Suppose -g*h - 6 - 6 = 0, 3*r - 1572 = -2*h. Is r a prime number?
False
Let m be 60*(1 - (-10)/(-6)). Let p = 25 + m. Let g(d) = d**2 + d + 1. Is g(p) a composite number?
False
Let s(c) = -75*c + 460. Is s(3) a prime number?
False
Suppose -8*c + 3*c = 153765. Let z = -15682 - c. Is z a composite number?
True
Suppose 0 = 5*f + 3*b - 4 - 21, -3*b + 21 = 3*f. Suppose -2*g - 823 = -5*m, f*m - 184 - 162 = 5*g. Is m composite?
False
Is -1203*(26/(-3) + -1 - 4) a prime number?
False
Let w(y) = -3*y**3 + 7*y**2 - 11*y - 11. Let i(q) = -q**3 - 14*q**2 - 12*q + 7. Let f be i(-13). Is w(f) prime?
False
Let k(w) = -w**2 - 24*w - 21. Let r be (-192)/14 - (-6)/(-21). Is k(r) composite?
True
Suppose 4*u - 6859 = -5*v, -36*u + 2740 = 2*v - 38*u. Is v a prime number?
False
Suppose -5*p + 2406 - 686 = 0. Let i = 501 - p. Is i a composite number?
False
Suppose 0 = 343*f - 346*f + 2811. Is f a composite number?
False
Suppose -3*a = 4*b + 13366 - 74102, -5*a = -2*b + 30394. Is b a composite number?
False
Let u = -14 - -10. Let o(t) = -2*t - 1. Let i be o(u). Let n = 18 - i. Is n prime?
True
Suppose 329123 = 5*x + 4*j, 2*x = -8*j + 7*j + 131651. Is x prime?
True
Let n be (-646)/(-26) + 10/65. Suppose -b + p = 6*p - n, 0 = -3*b + p + 75. Suppose -89 = -b*h + 24*h. Is h prime?
True
Is (2 - (-76 - -4))/(4/14) composite?
True
Let g be 0/2 + (-104 - -5). Let k = g + 440. Is k prime?
False
Suppose -3*u + 4 = -8. Suppose 2*g - 3*o - 95 = g, 350 = u*g + 3*o. Is g a prime number?
True
Let b be 1/1 + 1 - -3. Suppose -3*g + 957 = 3*h, 0*g + 2*g = b*h - 1602. Let u = h - 109. Is u composite?
False
Suppose -32586 = -2*s - y, -44*y = -2*s - 42*y + 32574. Is s composite?
True
Let b(x) = 1065*x**2 + 12*x + 2. Is b(-1) prime?
False
Let v be (-8)/32 + (-42)/(-8) + -2. Suppose 3*p - 2*p - 1365 = -v*h, -h + 4*p + 442 = 0. Is h composite?
True
Let m(f) = f**3 + 2*f**2 + 11*f + 5. Let b(r) = -r**3 - r**2 - 11*r - 5. Let z(u) = -2*b(u) - 3*m(u). Is z(-6) composite?
True
Is 15/((-90)/(-13056)) - 3 a prime number?
False
Let w(s) = 18 + 192*s**2 - 18. Let c be w(-1). Let f = c - 103. Is f a composite number?
False
Let k = 14 - 16. Let v(s) = -2*s**2 - s + 1. Let m be v(k). Is (-4)/(-5) + (-391)/m a composite number?
False
Let b = 53023 + -36302. Is b composite?
True
Let c(z) be the second derivative of -25*z**3 + 37*z**2/2 + 3*z. Is c(-7) prime?
True
Suppose -261*v = -288*v + 210411. Is v composite?
False
Let d = -26 - -31. Suppose 67 - 2 = -d*a. Let t(n) = -12*n - 1. Is t(a) a composite number?
True
Let f(k) = k**3 + 3*k**2 + 3*k + 6. Let z(i) = -2*i**2 - 2*i - 5. Suppose -1 = o + 2. Let a(d) = o*f(d) - 4*z(d). Is a(-3) composite?
True
Let u(m) = m**2 + 6*m - 12. Let x be u(-8). Is 11668/12 + x/6 composite?
True
Let u(b) = -8*b**2 + 5*b - 3. Let w be u(2). Is (-1)/((w/5)/1055) a prime number?
True
Let a(h) be the first derivative of -6 - 35/2*h**2 - h. Is a(-1) a prime number?
False
Suppose -3*m + 27 + 51 = 0. Suppose k - 20 = m. Is k a composite number?
True
Let y(g) = g**2 + g + 2. Let q be y(-1). Suppose -5*w + 1819 = c - 4450, q*c + 1245 = w. Is w composite?
True
Let b(j) = -j**2 - 8*j - 6. Let p(o) = -o**3 + 9*o**2 - 11*o + 17. Let i be p(8). Let m be b(i). Let y(t) = 22*t**3 - t**2 - t + 2. Is y(m) composite?
True
Let n = -193 + 83. Let i = 869 - n. Is i a prime number?
False
Let p be (4 - 5/2)/((-9)/(-30)). Let z(s) = -s**3 - 3*s**2 + 3*s + 1. Let c be z(-3). Let j = p - c. Is j a prime number?
True
Suppose 2*f - 4 = -0*f. Let j(i) = -23*i - 3. Let h(k) = -22*k - 3. Let o(m) = -6*h(m) + 5*j(m). Is o(f) composite?
False
Let c(w) be the second derivative of 23/6*w**3 + 5*w**2 + w + 0. Is c(8) a composite number?
True
Let j(n) = -n**3 + n + 1. Let c(k) = 2*k**3 - 2*k**2 - 2*k - 452. Let b(w) = -c(w) - 3*j(w). Is b(0) a composite number?
False
Let i = 2 - 1. Is -4 + i - (-2436)/21 composite?
False
Let c(q) = 33*q**3 - q**2 - q - 4. Suppose -s - 5*o + 12 = 0, s + 2 = -o + 6. Is c(s) a composite number?
True
Let z = 19 - 14. Suppose -2*n - 5*o - 513 + 2795 = 0, -5*o + 5735 = z*n. Is n a prime number?
True
Let p(s) = -s**2 + 4*s - 1. Let m be p(6). Let u = 7 - m. Let f = u - -29. Is f prime?
False
Suppose -q + 4*i = -3*q + 16122, -2*i = -3*q + 24215. Is q a composite number?
False
Suppose 70*j - 81*j = -114301. Is j a composite number?
False
Let m(y) = 5*y**2 + 18*y - 6. Let p be m(15). Suppose -3*i - 401 = q, -q = -4*i - i + 377. Let u = p + q. Is u composite?
False
Suppose 6107 = 4*j - 5*t, 2*j + 2*t = 700 + 2340. Is j a prime number?
True
Let s be 2/6 - 5905/3. Let c = -1319 - s. Is c a composite number?
True
Let f be ((-1)/1)/(5/(-40)). Suppose -5*j + f = -12. Let i = 55 - j. Is i a prime number?
False
Let g = 83846 - 20813. Is g composite?
True
Suppose -3*a = -0*s - 5*s - 8569, a = s + 2859. Is a composite?
True
Let r(o) be the third derivative of -103*o**4/24 - o**3/2 + o**2. Let d(x) = -x**2 + 6*x + 3. Let y be d(7). Is r(y) a prime number?
True
Is 12*(-12)/(-144) - -8520 composite?
False
Suppose -112 = -4*j + 44. Let v = 2158 - j. Let i = v + -1388. Is i a composite number?
True
Let f = 1500 + -837. Let x = 267 + -487. Let h = x + f. Is h prime?
True
Suppose -296*h = -284*h - 457332. Is h a prime number?
False
Let u(n) = 73*n - 1. Let s be u(7). Let t = s + -121. Suppose -4*a + t = 3*l, 4*l = -5*a + 332 + 186. Is l a composite number?
False
Suppose -4*z + 6*f + 12 = 8*f, 5*z - 29 = f. Suppose -q - 2*q + 180 = 5*o, 5*q - z*o = 260. Is q composite?
True
Let k = 985 - 306. Is k composite?
True
Let z = 12 + -4. Let i(j) = -j**2 + j - z*j - 6*j - 1. Is i(-11) composite?
True
Let k(h) = 8*h**3 - h**2 - 4*h. Let v be 4/12*3 + -4. Let o(f) = -9*f**3 + 2*f**2 + 5*f + 1. Let b(i) = v*o(i) - 4*k(i). Is b(-3) prime?
False
Let w(x) = -8027*x - 104. Is w(-3) composite?
False
Let r(n) = -n**3 - 10*n**2 - 9*n + 10. Suppose -3*h + 3 = -9. Let f be h/20 - (-46)/(-5). Is r(f) composite?
True
Suppose -4*y - 2124 = 4*t, -4*y - 3*t - 2121 = -2*t. Let z = 2029 + y. Is z a prime number?
True
Let d be (-30)/4*(-10)/15. Let x be 42/(-70) + (-487)/d. Is (x - -6)*(-22)/8 a prime number?
False
Suppose -4*n - 41 = 31. Is (582/n)/(1/(-3)) a composite number?
False
Let g = 8388 + -13095. Let i = -6982 - g. Let j = i + 3188. Is j a prime number?
False
Let f = 612 + 1237. Is (0 - (f + -2))/(-1) a prime number?
True
Let u be 2/(18/21)*45. Let h be (-57050)/(-375) - (-2)/(-15). Let d = h - u. Is d composite?
False
Let y = 1041 + -693. Let o = -179 + y. Suppose 0 = -n + o + 224. Is n prime?
False
Let h be 12/(0 + 4) - -11. Suppose 0 = -z + 16 - h. Suppose 0 = z*b + 4, 6*a = 3*a - 5*b + 83. Is a prime?
True
Let k(w) = 8*w**2 - 2*w + 6. Suppose -2*t = -2*z + 24, -4*z - 5*t + 60 = z. Let c be k(z). Suppose -3*s + c = -5*l, -385 = -s + 2*l + 2*l. Is s composite?
False
Let z(j) = 2*j + 7. Let x be z(-6). Let p(o) = -4*o**2 + 17*o - 5. Let s(h) = -7*h**2 + 34*h - 10. Let t(a) = x*p(a) + 3*s(a). Is t(9) a prime number?
True
Let r(t) = t**3 - 13*t**2 + 43*t - 30. Is r(9) a prime number?
False
Let y be 6062/7 + 2 + (-12)/3. Let o be ((1 - 1)/1)/1. Suppose l - 4*l = r - y, o = -2*l - 3*r + 583. Is l a composite number?
True
Let k(j) = j**2 - 2. Let p be -2 - (0 - -3 - 3). Let l be k(p). Suppose -3*z + l*z + 149 = 0. Is z a composite number?
False
Is ((-70779)/9)/(33/(-99)) compo